. Calculate the remainder when d is divided by 17.
14
Suppose 4*w - 112 - 28 = 0. What is the remainder when 172 is divided by w?
32
Let t = -32 - -61. Let h = 18 - 7. What is the remainder when t is divided by h?
7
Let b(y) = 15*y - 57. Calculate the remainder when 59 is divided by b(5).
5
Let w = -4 - -9. Suppose -w*d = 5*r - 95 + 30, 33 = 5*r - 3*d. Calculate the remainder when 26 is divided by r.
8
Suppose 0 = -0*r + r - 21. Let q be ((-56)/(-5))/(2/5). Suppose q = 2*i + 8*c - 4*c, 3*i - r = c. What is the remainder when i is divided by 3?
2
What is the remainder when ((-4)/(-5))/(4/430) is divided by 8?
6
Let o be 1/(1/4)*1. Suppose 1 = o*v - 7. Let z(d) = -4*d + 41. What is the remainder when v is divided by z(10)?
0
Let g(u) = -u**2 + 2*u + 3. Let w be g(7). Let z = 21 + w. Calculate the remainder when 32 is divided by 1*z*(-2)/2.
10
Let t(y) = -y**2 - 14*y + 47. What is the remainder when 57 is divided by t(-16)?
12
Let i be (1*11)/(3/(-6)). Let m = i + 40. Suppose 120 + 92 = 4*v. What is the remainder when v is divided by m?
17
Let o = -87 + 95. Calculate the remainder when 30 is divided by o.
6
Let k(a) = -a**3 - a**2. Let h be k(0). Let c(x) = -x**3 - x**3 - x + 3*x**3 + 5. What is the remainder when 9 is divided by c(h)?
4
Suppose -5*h - z - 2 = -38, -12 = 3*z. Suppose -4*x + d = -4*d - 91, 4*d + 125 = 5*x. Calculate the remainder when x is divided by h.
5
Let u(z) = z**2 + 13*z. Let k(o) = -14*o - 1. What is the remainder when k(-2) is divided by u(-14)?
13
Let i(v) = 8*v + 2. Let x(a) be the first derivative of -a**4/2 + 2*a**3/3 + 3*a**2/2 + 1. Calculate the remainder when x(-2) is divided by i(1).
8
Let t be 75/(-2)*(-4)/3. Suppose 5*s + t = 5*g, g + 3*s + 0*s = -10. Suppose g*y + 24 = 64. Calculate the remainder when 22 is divided by y.
6
Let l = -1 - 1. Let j = l + 6. Suppose 3*c - 38 = -j*i - 0*i, -i + 1 = 5*c. Calculate the remainder when 32 is divided by i.
10
Suppose 2*m = -2*m + 100. Let h(d) = -2*d**2 - 18*d - 2. What is the remainder when m is divided by h(-8)?
11
Let p(a) = 7*a + 10. What is the remainder when 179 is divided by p(5)?
44
Let s be 177/(-15) + (-1)/5. Let v = -2 - s. What is the remainder when v is divided by 6?
4
Suppose 65 = -6*d + d. Let r = 42 + d. Calculate the remainder when 114 is divided by r.
27
Suppose 3*h + 0*h - 78 = 0. Let i = 18 + -9. What is the remainder when h is divided by i?
8
Let r(f) = f - 6. Let l be r(4). Let u be l/(-6) + (-1)/3. Suppose u = -5*n + 6 + 29. What is the remainder when n is divided by 3?
1
Let z(d) = d**2 - 18*d - 13. What is the remainder when 18 is divided by z(19)?
0
Suppose -7 = -3*d - 1. Calculate the remainder when 28 is divided by ((-2)/5)/(d/(-50)).
8
Let o(g) = g**3 - 3*g - 2. Let s(c) = 3*c**2. Let t be 6/4*(-4)/(-6). Let k be s(t). What is the remainder when 30 is divided by o(k)?
14
Let d(v) = v - 6. Let z be d(6). Suppose l = -z*l + 16. Calculate the remainder when 46 is divided by l.
14
Suppose 0 = 5*m + 10*m - 1755. Calculate the remainder when m is divided by 20.
17
Let y(h) = 2*h**2 - 6*h + 6. What is the remainder when y(7) is divided by 13?
10
Let x(b) be the second derivative of b**3/6 + 25*b**2/2 + b. Calculate the remainder when x(0) is divided by 13.
12
Suppose -12 = -5*n + 2*n. Let f(i) = i**2 + 7*i - 12. Let a be f(-9). Calculate the remainder when (-3)/a*-1*22 is divided by n.
3
What is the remainder when 9/6*-47*8/(-12) is divided by 25?
22
Suppose -u = -3*t - 23, 5*u + 2*t = 7*t + 75. Calculate the remainder when u is divided by (18/(-8))/((-3)/8).
5
Let u be 0/(-3 + (0 - -2)). Suppose 0 = 4*q - 4 - 8. Calculate the remainder when q is divided by (5 - 3) + (u - 0).
1
Let o = 4 + 10. Let a = 14 + o. Calculate the remainder when a is divided by 15.
13
Let f(l) = -l**2 + 12*l - 30. What is the remainder when 18 is divided by f(7)?
3
Suppose -5*a = -a - 368. Let y = a - 61. What is the remainder when y is divided by 11?
9
Let n(s) = 30*s**2. Calculate the remainder when 117 is divided by n(1).
27
Let p(g) = -3*g - 8. Suppose -2*j - 57 = -7*j + 3*n, -4*j - n + 49 = 0. What is the remainder when p(-14) is divided by j?
10
Let p(n) = 0 + 3*n**3 + 2*n + 2*n**2 - 5*n**3 - 2. Calculate the remainder when p(-2) is divided by 4 + (-6 - -4) + 8.
8
Let h(o) = -4*o + 3. Let m be h(-9). Suppose -2*t + m = t. What is the remainder when 37 is divided by t?
11
Suppose 24 + 0 = 3*g. Let q be 6/(-3) + g/2. Suppose q*w = 4*l + 16, 0 = -3*w + 7*w - 4*l - 52. Calculate the remainder when w is divided by 10.
8
Suppose -5*c + 44 + 31 = 0. Let s = 14 + 13. What is the remainder when s is divided by c?
12
Let j be (-2 + 4)*(-6)/4. Suppose -5*a - 64 - 36 = -5*b, 2*a = -5*b + 128. What is the remainder when b is divided by (j - (-44)/6)*3?
11
Let a(d) = -d**3 + 2*d**2 + 4*d + 8. Calculate the remainder when a(-4) is divided by 23.
19
Let p(k) = 3*k**3 + 3*k**2 - 11*k + 3. Calculate the remainder when p(3) is divided by 9.
6
Let n(b) = 2 + 4*b + 0*b - 3*b. Calculate the remainder when 23 is divided by n(6).
7
Suppose s + 23 = 39. Calculate the remainder when 141 is divided by s.
13
Let p = 1 + -1. Let h = 14 + p. What is the remainder when 26 is divided by h?
12
Let y = 28 - -36. Calculate the remainder when y is divided by 26.
12
Suppose 178 = 11*t - 64. Suppose -3*g + 14 = -22. What is the remainder when t is divided by g?
10
Let s(k) = -3*k + 2*k**2 + 0*k + 2*k**2. Let t(l) = l**2 + 5*l + 4. Calculate the remainder when t(-7) is divided by s(2).
8
Suppose 2*u - 5*u = -36. Calculate the remainder when 35 is divided by u.
11
Let m = -9 - 6. Let x = -24 - m. Let t = -1 - x. Calculate the remainder when 22 is divided by t.
6
Let v = -60 + 106. What is the remainder when 182 is divided by v?
44
Let j = 625 + -585. What is the remainder when j is divided by -1 + 0 + 1*22?
19
Suppose -4*r = -6*r + 58. Let a(f) = 2*f**3 - f**2 - f - 2. Calculate the remainder when r is divided by a(2).
5
Suppose -z = -5*v + 56, -2*z + 0 + 8 = 0. Suppose -66 = -2*g - 0*g. What is the remainder when g is divided by v?
9
Let t(x) = -2*x - 1. Let k be (0 - -6*1) + 0. Let z be (2*4)/((-6)/k). Calculate the remainder when t(z) is divided by 8.
7
Let h(c) = c**3 - 2*c**2 - 3*c - 6. Calculate the remainder when 50 is divided by h(4).
8
Suppose 5*v - 15 = 5*r, -4*v = -5*v - 4*r + 3. Let j(l) = 2*l - 2*l**3 + l**3 - l + 7. What is the remainder when j(0) is divided by v?
1
Let d = -32 - -16. What is the remainder when 10/35 - (-103)/7 is divided by d/(-10)*1*5?
7
Suppose 0 = 3*t - i + 152, 47 = -2*t - 2*i - 57. Let n = -28 - t. Let a(u) = 2*u**2 + 3*u + 3. What is the remainder when a(5) is divided by n?
22
Suppose 5*v + 105 = 5*i, -4*i = -0*i - 2*v - 80. Let t = i + -1. Let x = -6 - -16. Calculate the remainder when t is divided by x.
8
Let r(p) = 2*p**2 - 2*p + 1. Let s be r(1). Let u = s - 1. Suppose -3*y + 18 + 96 = u. Calculate the remainder when y is divided by 13.
12
Suppose -2*h + 6 = 0, 3*s + 9 = -0*s - 3*h. What is the remainder when (-317)/s - (-3)/18 is divided by 14?
11
Let f = 20 + 1. Calculate the remainder when 81 is divided by f.
18
Let y be 4 - 4 - -8*3. Suppose 40 = 2*c - y. What is the remainder when c is divided by 11?
10
Suppose -z = 2*b, 0*z - 2*b - 4 = -z. Suppose 5*s - v = 28, s - 5*v + 16 = z*s. What is the remainder when 21 is divided by s?
3
Suppose -l - 2*l = -84. Suppose 0 + 20 = 2*o. What is the remainder when l is divided by o?
8
Suppose t = x + 7, 0*t + 4*x = -2*t + 44. What is the remainder when 45 is divided by t?
9
Suppose q - 5*q + g + 37 = 0, -4 = 4*g. Suppose -3*w = q, -4*x + w = 6*w - 49. Calculate the remainder when 30 is divided by x.
14
Suppose -3*i - i + 116 = 0. What is the remainder when 56 is divided by i?
27
Let m(i) = i**3 + 2*i - 4. Let c(t) = -t**3 - 4*t + 7. Let v(r) = 3*c(r) + 5*m(r). What is the remainder when v(3) is divided by 17?
15
Suppose 3*y - p - 19 = 21, -60 = -5*y + 5*p. Suppose 4*t - 208 = -2*c, t - c = -2*c + 50. Calculate the remainder when t is divided by y.
12
Let f(o) = -25*o - 7. What is the remainder when f(-3) is divided by 24?
20
Suppose 0 = 2*i - 5*b + 3 - 36, 5*i - 4*b = 74. Calculate the remainder when 25 is divided by i.
11
Calculate the remainder when 175/7 - 1/3*0 is divided by 7.
4
Let j(t) = -t**2 + 7*t - 2. What is 